False
Is 204559 composite?
True
Is 29687 composite?
True
Is 3683 a prime number?
False
Is 17054 prime?
False
Is 55 a prime number?
False
Is 8735 a composite number?
True
Is 222773 a composite number?
False
Is 77641 composite?
False
Is 43391 prime?
True
Is 160201 prime?
True
Is 20807 prime?
True
Is 1967519 a composite number?
True
Is 48605 prime?
False
Is 36373 prime?
True
Is 158779 a composite number?
True
Is 44419 prime?
False
Is 488069 prime?
True
Is 10289 composite?
False
Is 99431 a composite number?
False
Is 105617 composite?
True
Is 542161 a prime number?
False
Is 158867 a prime number?
True
Is 4861 prime?
True
Is 417403 prime?
False
Is 85249 a prime number?
False
Is 5022739 composite?
False
Is 419407 a prime number?
False
Is 795409 composite?
True
Is 8263 a prime number?
True
Is 3329 a prime number?
True
Is 311393 composite?
False
Is 636229 a prime number?
False
Is 139183 a composite number?
True
Is 196291 prime?
True
Is 90971 prime?
True
Is 6079 prime?
True
Is 8347 a composite number?
True
Is 25139 a prime number?
False
Is 420863 a prime number?
False
Is 10559 a composite number?
False
Is 10862 prime?
False
Is 199451 a composite number?
True
Is 118 a composite number?
True
Is 174113 prime?
False
Is 1131297 prime?
False
Is 71527 composite?
False
Is 23897 a composite number?
True
Is 206589 a prime number?
False
Is 2230549 composite?
False
Is 254311 a prime number?
False
Is 371 a composite number?
True
Is 12459 a prime number?
False
Is 19945 a composite number?
True
Is 17291 a prime number?
True
Is 134377 composite?
True
Is 168239 composite?
True
Is 8329 a composite number?
False
Is 392797 composite?
True
Is 75347 prime?
True
Is 8977 prime?
False
Is 497903 composite?
True
Is 83071 composite?
False
Is 50987 prime?
False
Is 1361 prime?
True
Is 70715 composite?
True
Is 20609 a composite number?
True
Is 2395 composite?
True
Is 662 a prime number?
False
Is 1009447 a composite number?
True
Is 668327 prime?
False
Is 330487 a prime number?
False
Is 211127 prime?
False
Is 26063 composite?
True
Is 4268009 composite?
False
Is 234917 a composite number?
False
Is 12071 a prime number?
True
Is 101671 prime?
False
Is 385153 prime?
True
Is 622069 prime?
False
Is 4861 a composite number?
False
Is 2491 prime?
False
Is 1191341 composite?
False
Is 13043 a prime number?
True
Is 56569 prime?
True
Is 230929 a composite number?
False
Is 18617 a prime number?
True
Is 1577801 a composite number?
False
Is 113641 prime?
False
Is 16333 prime?
True
Is 34053 a prime number?
False
Is 29371 a composite number?
True
Is 24943 a composite number?
False
Is 51523 composite?
True
Is 11981 prime?
True
Is 22141 composite?
True
Is 4621 a prime number?
True
Is 85431 composite?
True
Is 257069 a composite number?
False
Is 202789 a prime number?
False
Is 176279 a composite number?
True
Is 9335 a composite number?
True
Is 278981 a composite number?
False
Is 45053 prime?
True
Is 1003 a composite number?
True
Is 16301 a composite number?
False
Is 64867 composite?
True
Is 13781 a composite number?
False
Is 14507 prime?
False
Is 6427 prime?
True
Is 352301 prime?
True
Is 31681 a composite number?
True
Is 38113 composite?
False
Is 9637 a composite number?
True
Is 4678 a composite number?
True
Is 11017 composite?
True
Is 6007 prime?
True
Is 54617 prime?
True
Is 1207679 composite?
True
Is 122299 composite?
False
Is 1501 composite?
True
Is 6751 prime?
False
Is 198311 prime?
False
Is 50311 a prime number?
True
Is 5093 prime?
False
Is 68785 composite?
True
Is 57451 a prime number?
False
Is 7037 a prime number?
False
Is 1209449 composite?
True
Is 1319 composite?
False
Is 68059 a prime number?
True
Is 25013 composite?
False
Is 8549 a prime number?
False
Is 621769 a prime number?
True
Is 545023 composite?
False
Is 455395 composite?
True
Is 309223 prime?
True
Is 9753 prime?
False
Is 97307 a prime number?
False
Is 237317 a composite number?
True
Is 377893 a composite number?
True
Is 33659 composite?
True
Is 6387 composite?
True
Is 4855 composite?
True
Is 55379 a composite number?
True
Is 15689 composite?
True
Is 9049 composite?
False
Is 862409 a composite number?
False
Is 108439 composite?
False
Is 270421 a composite number?
False
Is 19207 a composite number?
False
Is 1132377 a composite number?
True
Is 3601151 a prime number?
True
Is 79711 prime?
False
Is 43237 a prime number?
True
Is 547981 a prime number?
False
Is 23515 a composite number?
True
Is 72421 a composite number?
False
Is 179801 composite?
False
Is 1584367 composite?
False
Is 383029 a prime number?
True
Is 179161 prime?
True
Is 27733 composite?
False
Is 15511 composite?
False
Is 146651 a composite number?
True
Is 64229 a prime number?
False
Is 39361 prime?
False
Is 14173 prime?
True
Is 68062 prime?
False
Is 45393 a composite number?
True
Is 10553 a composite number?
True
Is 14695 a prime number?
False
Is 350159 prime?
True
Is 196853 prime?
True
Is 496889 a prime number?
True
Is 13081 prime?
False
Is 1206619 a prime number?
True
Is 561839 prime?
True
Is 1511 a prime number?
True
Is 42865 prime?
False
Is 29933 a prime number?
False
Is 953171 a composite number?
False
Is 222679 composite?
False
Is 13589 a prime number?
False
Is 59 composite?
False
Is 339629 a composite number?
True
Is 15427 composite?
False
Is 11141 a composite number?
True
Is 340681 composite?
True
Is 59833 prime?
True
Is 48673 a composite number?
False
Is 6193 a prime number?
False
Is 445069 composite?
False
Is 186799 a prime number?
True
Is 310071 a composite number?
True
Is 106094 composite?
True
Is 33703 prime?
True
Is 29515 prime?
False
Is 10949 a prime number?
True
Is 9233 composite?
True
Is 10123 prime?
False
Is 12185 a composite number?
True
Is 126998 prime?
False
Is 6233 composite?
True
Is 97763 prime?
False
Is 17147 composite?
True
Is 538199 prime?
True
Is 1177786 composite?
True
Is 1383199 composite?
False
Is 960173 a prime number?
True
Is 81083 a composite number?
False
Is 3106 a composite number?
True
Is 4249 a composite number?
True
Is 76997 a composite number?
True
Is 5569 prime?
True
Is 76303 prime?
True
Is 1015387 prime?
False
Is 23882 composite?
True
Is 2927 prime?
True
Is 2999 a composite number?
False
Is 12623 prime?
False
Is 354853 a prime number?
False
Is 751 composite?
False
Is 127469 a composite number?
True
Is 8209 composite?
False
Is 649 a composite number?
True
Is 2203 composite?
False
Is 9871 a prime number?
True
Is 24933 a composite number?
True
Is 11959 composite?
False
Is 916297 a prime number?
False
Is 443603 composite?
False
Is 91231 composite?
True
Is 1754081 a prime number?
False
Is 13841 a composite number?
False
Is 9249 a composite number?
True
Is 15493 composite?
False
Is 87313 a composite number?
False
Is 329657 a prime number?
True
Is 11249 composite?
True
Is 40009 a prime number?
True
Is 495143 prime?
False
Is 13963 a prime number?
True
Is 815 a prime number?
False
Is 953 a prime number?
True
Is 13714 a prime number?
False
Is 14341 prime?
True
Is 136663 prime?
False
Is 3611 a composite number?
True
Is 1033629 a composite number?
True
Is 6287 a composite number?
False
Is 48011 composite?
True
Is 878 prime?
False
Is 721 composite?
True
Is 7001 composite?
False
Is 63907 composite?
False
Is 399259 prime?
False
Is 6421 a prime number?
True
Is 2082779 a prime number?
True
Is 292903 composite?
True
Is 2554 a prime number?
False
Is 6491 a prime number?
True
Is 259793 a prime number?
False
Is 1523 composite?
False
Is 111526 a composite number?
True
Is 3304397 a composite number?
False
Is 5297 a composite number?
False
Is 19771 a prime number?
False
Is 293 prime?
True
Is 2203 prime?
True
Is 6241 composite?
True
Is 2705 a composite number?
True
Is 1217 a prime number?
True
Is 178949 prime?
False
Is 4387 a composite number?
True
Is 135763 prime?
False
Is 452091 composite?
True
Is 93565 a composite number?
True
Is 4585762 a composite number?
True
Is 155153 a prime number?
True
Is 2059 composite?
True
Is 3407 a prime number?
True
Is 30035 prime?
False
Is 20707 composite?
False
Is 1087 composite?
False
Is 13829 a composite number?
False
Is 23269 prime?
True
Is 147911 prime?
False
Is 11905 composite?
True
Is 28319 composite?
False
Is 129629 a composite number?
False
Is 11453 prime?
False
Is 34211 composite?
False
Is 6113 prime?
True
Is 2935 a p